*4/4 + 2*z**3/3 - 2*z**2 - 3*z - 4. What is b(-3)?
0
Let c(l) = 6*l**3 + 5*l**2 + 4*l - 7. Let k(z) = 7*z**3 + 6*z**2 + 5*z - 7. Let t(o) = -6*c(o) + 5*k(o). Give t(0).
7
Let j(t) be the third derivative of 1/2*t**3 + 0*t + 0 + 3*t**2 - 1/60*t**5 + 1/12*t**4. Let f be -4 - 3/(3/(-2)). Determine j(f).
-5
Let x(z) = -z - 4. Let a(r) = r - 2. Let i be a(2). Let m = 3 - i. Suppose 0 = -2*t + u - m, 0 = -2*u + 6 - 0. What is x(t)?
-4
Let n(w) = w**2 - 10*w + 7. Let g be n(9). Let b(j) = j - 1. Give b(g).
-3
Let a(s) = 4*s**2 + 5*s + 2. Let f(m) = -m**3 + 8*m**2 + 11*m + 4. Let q(o) = 5*a(o) - 2*f(o). Let u = 34 - 36. Give q(u).
-4
Let q(m) be the second derivative of -m**5/20 - 5*m**4/6 + 2*m**3 + 8*m**2 - 2*m. Let p be q(-11). Let n(s) = -s + 8. Calculate n(p).
3
Let m(z) = 2*z. Let x(y) = -y**3 + 6*y**2 - 3*y - 7. Let i be x(5). Calculate m(i).
6
Suppose -4*d - 26 = -3*w, w + 3*d + 1 + 12 = 0. Suppose k - w = -k. Let s(z) = -2*z - 2*z + 0*z + k. Calculate s(2).
-7
Let i(s) = 4*s + 13. Let h(q) = -9*q - 27. Let r(y) = -6*h(y) - 13*i(y). Let n = 10 + -5. Let x(w) = -3*w + 10. Let d(t) = n*x(t) + 7*r(t). What is d(3)?
-2
Suppose 2*f = -2*f + 12. Let d(h) = 4*h**f - h**3 - h**2 + 3*h**3 - 2*h**3 + 1. Determine d(1).
4
Let y(x) = x - 14. Let g be y(11). Let i be (-1 - 0)*(3 + -8). Let b(p) = 5*p + p - i*p. What is b(g)?
-3
Let z(w) = -2*w**3 + w**2 - w. Let c = 5 + -4. Let a be z(c). Let j = a - -1. Let u(g) = 2*g**2 - g. Calculate u(j).
3
Suppose 5*p - 5*f = -10, p + f - 3 + 7 = 0. Let u(l) = -2*l - 1. Let y be u(p). Let o = -3 + y. Let j(d) = -d**3 - 1. Give j(o).
-9
Let x(f) = -7*f**2 + 23*f + 18. Let l(j) = 3*j**2 - 11*j - 9. Let q(z) = 5*l(z) + 2*x(z). Give q(9).
-9
Let u(s) = -s**2 + 6*s + 6. Let j(c) be the first derivative of -2*c**3 + 31*c**2/2 + 31*c - 5. Let q(r) = -2*j(r) + 11*u(r). What is q(-3)?
1
Suppose c = -4*c + 150. Suppose 2*b = 5*g - 3, 0*b = -4*b - 2*g + c. Let t(u) = u**3 + 2*u**2 - 7*u**2 - u**2 - 2. Calculate t(b).
-2
Let a(r) = -r**2 - 2*r - 1. Suppose -y - 5*d = -1, -4*y - y - 4*d = -68. Suppose x = -3*x + y. Suppose x*p + 10 = -p. Give a(p).
-1
Let g be (-30)/(-4)*(-2)/3. Let c = 1 + g. Let d be 2 + (1 - c/2). Let t(h) = h**3 - 4*h**2 - 6*h + 5. Calculate t(d).
0
Let v(j) = j - 3. Let m(h) = -h + 4. Let i(d) = -4*m(d) - 5*v(d). What is i(5)?
-6
Let c(m) be the third derivative of 0*m + 0 - 1/12*m**4 - 4*m**2 + 0*m**3. Calculate c(-3).
6
Suppose 3*s + 2*t + 0*t + 2 = 0, -4*s = -5*t + 41. Let i(v) = v + 3 - 1 + 4. Determine i(s).
2
Let c(a) = a - 7. Let f = -24 + 32. What is c(f)?
1
Let x(u) = 3*u + 6*u**2 + 6*u**3 - u**3 - 6*u**3 - 8 + 1. Give x(6).
11
Let i(x) be the first derivative of x**3/3 + x**2/2 - 46. What is i(0)?
0
Let d(u) = -u - 5. Let r = 3 - -2. Determine d(r).
-10
Let m(f) = 5*f - 4 - 2*f + 9 + f. What is m(-2)?
-3
Let f(u) = -u**3 - 2*u**2 + 4*u - 5. Let b be 2*(-2 + 28/8). Suppose -3*l - b - 9 = 0. Give f(l).
11
Let m = -20 + 5. Let r be (m/6)/(1/2). Let s = r + 3. Let q(v) = 6*v + 2. What is q(s)?
-10
Let w be 3 - (-3)/9*-3. Let j = w - 4. Let s(z) = -2*z**2 - 4*z - 2. Calculate s(j).
-2
Let y(d) be the second derivative of d**6/60 - d**5/120 + d**4/24 - d**3/2 - 2*d. Let b(n) be the second derivative of y(n). Give b(1).
6
Let l(d) = -27 + 5*d + 6*d**2 - 3*d**3 + 34 + 4*d**3. Determine l(-5).
7
Let l(b) = -3*b**2 - 4 + 5 + b + 0*b**2. Determine l(-2).
-13
Let h be (1 - 4)*8/(-6). Let d(s) = -6*s + 4*s - s**2 - h - 6*s. Let i(j) = -2*j + 5. Let o be i(5). Determine d(o).
11
Let o = 2 - 2. Let j(q) be the first derivative of q**3/3 + q**2/2 + 3*q + 34. Calculate j(o).
3
Suppose 4*q + 12 + 8 = 0. Let z be (-2)/(2*-1)*q. Let v(p) = -p - 2. Let o be v(z). Let c(x) = -x**3 + 4*x**2 - 3*x. Calculate c(o).
0
Let s(p) = p**2 + 6*p - 5. Let t = 5 - 10. What is s(t)?
-10
Let a(x) = x**3 + 3*x**2 + x + 4. Suppose m + 3*i = -m - 1, 3*m + 3 = -3*i. Let l be (-3)/1*(-2)/m. Give a(l).
1
Let a(c) = -c + 1. Suppose -o - 3*o - 16 = 0. What is a(o)?
5
Let c(m) = -3*m + 2. Let r(q) = -5*q - 4 + 3 + 0*q + 4. Suppose -11 = t - 2*l, -1 = 3*t + 3*l + 5. Let h(f) = t*r(f) + 7*c(f). What is h(2)?
7
Suppose 5*s + 5*p + 3 = 23, 4*s - 11 = p. Let g(m) be the second derivative of -m**5/20 + m**4/3 - 2*m**3/3 - m**2/2 - 33*m. What is g(s)?
-4
Let c(x) = -7 - 7*x**2 - 8*x + x**3 - 6*x**3 + 4*x**3 + 2*x**3. Calculate c(8).
-7
Suppose a + 3 = i + i, 0 = -5*a - 2*i + 21. Let w(c) = c**3 - 3*c - 3*c**2 + 5*c - c - 1. What is w(a)?
2
Let q(z) = 2*z**2 + 6*z + 3. Suppose -7*u = 2*u + 36. What is q(u)?
11
Let m(p) = 3*p**2 - 3*p + 3. Let u be m(2). Suppose -4*w - 41 = -2*t - t, u = 3*t. Let b = w + 5. Let g(c) = c**3 + 2*c**2 - 3*c - 4. What is g(b)?
-4
Let j(b) = -13*b**2 - 15*b - 5. Let o(g) = -3*g**2 - 4*g - 1. Let t(c) = 2*j(c) - 9*o(c). Determine t(-3).
-10
Let f(a) be the first derivative of a**3/3 + a**2 - 2*a + 12. What is f(-3)?
1
Let c be (-4)/6*(-6)/4. Suppose 2*z = -3*l, 3*l + 3*z + 3 = -0*l. Let x(i) = -3*i + i + i + l*i**2 + 2*i. Determine x(c).
3
Let y be (2/(-2 - 0))/((-1)/(-3)). Let m(p) be the first derivative of -p**4/4 - p**3 - 4*p + 1. Determine m(y).
-4
Let g(p) be the first derivative of 0*p**4 + 1/20*p**5 + 0*p**3 - 3*p - 2 - 1/2*p**2. Let q(o) be the first derivative of g(o). Give q(1).
0
Let n(p) = 4*p**3 - 5*p**3 + 2*p**3 + 3*p + 3*p**2 + 2. Calculate n(-3).
-7
Let v = 16 - 12. Let j(l) = -v*l**2 + 2*l**2 + 3*l**2 - l. Give j(3).
6
Let d(n) = -n. Let o(p) = -p**2 - 5*p + 9. Let q be o(-7). Determine d(q).
5
Suppose -1 + 5 = 2*k. Let a(y) = 0*y**2 + 3*y**2 - k*y**2. Calculate a(3).
9
Let j(a) = a - 1. Let y(d) = -d**2 + 10*d - 7. Let p be y(9). Suppose -i + p = 1, 2*i + 8 = 2*v. Calculate j(v).
4
Let p = -14 + 9. Let t(y) be the third derivative of -y**5/60 - y**4/12 + y**3 + 3*y**2. What is t(p)?
-9
Suppose 0 = 10*k - 28*k. Let t(r) be the second derivative of 1/6*r**3 - 6*r**2 + 3*r + k. What is t(6)?
-6
Let p = -61 + 62. Let y(r) = r - 5. Let f(x) = -1. Let z(c) = 3*f(c) - y(c). Determine z(p).
1
Let o be (-8)/(-16) - 6/(-4). Let i(m) = 2*m**2 + 1 - m**o + 0*m**2 - 2*m**2. Calculate i(-1).
0
Let h = 8 + -14. Let i(t) = -t**3 - 6*t**2 + t + 6. Let l be i(h). Let k(f) = -f**2 - f + 5. What is k(l)?
5
Let z be -1 - ((-2)/(-6))/((-3)/27). Let n(v) be the third derivative of 0*v + 1/60*v**5 - 1/4*v**4 + 1/2*v**3 + v**z + 0. Calculate n(4).
-5
Suppose -4*c = -2*c - 4. Suppose -5*k + 18 = -c*o - 2*o, 14 = 2*k - 5*o. Let q(g) = -2*g - 3*g - 2*g + g + 6 + g**k. What is q(6)?
6
Suppose -5*a = -10 - 0. Let r(y) = y + 3. Let t be r(-2). Let j(g) = -5 + 3 - t - g + a. Calculate j(1).
-2
Let u = 13 + -11. Let r(i) be the first derivative of -u + 2/3*i**3 - i**2 - i. Determine r(2).
3
Let s = 59 - 62. Let o(q) = q + 2. Let m(l) = -2*l - 2. Let y(a) = 3*m(a) + 4*o(a). Calculate y(s).
8
Let l = -9 - -13. Let m(n) be the third derivative of n**5/60 - n**4/12 + n**3/6 - 49*n**2. Determine m(l).
9
Let m(o) = 5*o**2 + o + 1. Let x be 6/12 + 10/4. Let n(k) = x*k - 6*k - 1 + 4*k - k**2 - 4*k. Let s be n(-3). Give m(s).
5
Let r(k) = -1 - 4 + 2 + 2 - k. Give r(7).
-8
Let w(j) = 4*j - 3. Suppose 18*b = 9*b + 18. Give w(b).
5
Suppose 0*n - 5*n = -0*n. Let z(s) = s + 22. Calculate z(n).
22
Let q(z) = -z**3 + 4*z**2 - 2*z. Suppose 0 = -4*v + 13*v - 36. Determine q(v).
-8
Let d(v) = -5*v - 12. Let f(y) = y + 2. Let z(r) = d(r) + 6*f(r). Suppose -3 = -q - g - 5, 10 = -2*g. Determine z(q).
3
Let g(q) = 2*q**2 + 4*q + 1. Let z be g(-3). Let w(l) = -l**2 + 7*l - 5. Let v be w(z). Let j(t) = t + 2. Calculate j(v).
-3
Let c(h) = -h - 1. Let u(l) = 6*l - l + 1 - 6. Let x(j) = 4*c(j) + u(j). Suppose 3*p = -4*a + 7, -a - a = 4*p + 4. Give x(a).
-5
Let o be -5 + 0/(4/2). Let s = 9 + o. Let m be 2*s/(8/5). Let g(j) = -j**2 + 5*j. Give g(m).
0
Let u(w) = -3*w**3 + 5*w**2 - 7*w + 15. Let d(p) = 2*p**3 - 3*p**2 + 4*p - 8. Let s(q) = -5*d(q) - 3*u(q). Suppose 0 = -3*f - 10 + 10. What is s(f)?
-5
Let m(u) = -u**2 - 4*u - 6. Let q be 4/26 + (-324)/78. Calculate m(q).
-6
Let g(i) = -6*i**3 + 5*i**2 - i + 3. Let k(n) = -12*n**3 + 9*n**2 - 2*n + 5. Let q(x) = -7*g(x) + 4*k(x). Suppose 2*l + 0*l + 2 = 0. What is q(l)?
7
Let p(q) = 0*q + 7 + 0*q + q + 2*q. Suppose 4*d + 20 = -0*d. Determine p(d).
-8
Let l = 24 + -20. Let y(b) be the third derivative of -b**6/120 +